{"id":2,"date":"2025-03-03T03:38:30","date_gmt":"2025-03-03T02:38:30","guid":{"rendered":"https:\/\/abc-binar.pl\/?page_id=2"},"modified":"2025-03-03T05:39:00","modified_gmt":"2025-03-03T04:39:00","slug":"przykladowa-strona","status":"publish","type":"page","link":"https:\/\/abc-binar.pl\/","title":{"rendered":"Przyk\u0142adowa strona"},"content":{"rendered":"<p>[et_pb_section fb_built=&#8221;1&#8243; _builder_version=&#8221;4.16&#8243; global_colors_info=&#8221;{}&#8221;][et_pb_row _builder_version=&#8221;4.16&#8243; background_size=&#8221;initial&#8221; background_position=&#8221;top_left&#8221; background_repeat=&#8221;repeat&#8221; global_colors_info=&#8221;{}&#8221;][et_pb_column type=&#8221;4_4&#8243; _builder_version=&#8221;4.16&#8243; custom_padding=&#8221;|||&#8221; global_colors_info=&#8221;{}&#8221; custom_padding__hover=&#8221;|||&#8221;][et_pb_text _builder_version=&#8221;4.16&#8243; background_size=&#8221;initial&#8221; background_position=&#8221;top_left&#8221; background_repeat=&#8221;repeat&#8221; global_colors_info=&#8221;{}&#8221;]<!-- divi:paragraph --><\/p>\n<p><span>Firma ABC- Binar jest na rynku od 2001 roku, pocz\u0105tkowo g\u0142\u00f3wn\u0105 dzia\u0142alno\u015bci\u0105 firmy by\u0142y remonty jak i kompleksowe wyka\u0144czanie wn\u0119trz.<\/span><\/p>\n<p><span>Id\u0105c z duchem czasu i chc\u0105c rozwija\u0107 nasz\u0105 obecno\u015b\u0107 rynkow\u0105 w wybranych segmentach, zdobywa\u0107 w nich znacz\u0105c\u0105 pozycj\u0119, dzia\u0142alno\u015b\u0107 firmy ABC-Binar zosta\u0142a poszerzona w trzech obszarach. Pierwszy z nich to kompleksowe wyko\u0144czenia wn\u0119trz, dla klient\u00f3w indywidualnych jak i sektora publicznego. Drugi segment dzia\u0142alno\u015bci obejmuje monta\u017c instalacji elektrycznych, instalacji wod-kan, CO jak i klimatyzacji, wentylacji. Ten obszar dzia\u0142alno\u015bci kierujemy dla klient\u00f3w indywidualnych. Ostatnia dziedzina, w jakiej specjalizuje si\u0119 ABC- Binar to produkcja konstrukcji stalowych.<\/span><\/p>\n<p><span>Firm\u0119 tworzy zesp\u00f3\u0142 rzetelnych fachowc\u00f3w posiadaj\u0105cych odpowiednie kwalifikacje zawodowe, pomagamy w rozwi\u0105zaniu technicznych problem\u00f3w, s\u0142u\u017cymy porad\u0105 oraz realizujemy najbardziej wyszukane pomys\u0142y klienta. Tworzymy wn\u0119trza o wysokim standardzie z pasj\u0105, dla ludzi takich jak Ty<\/span><\/p>\n<p><span>Mamy nadziej\u0119, \u017ce nasza kompleksowa oferta, kt\u00f3r\u0105 przedstawiamy zach\u0119ci Pa\u0144stwa do skorzystania z naszych us\u0142ug.<\/span><\/p>\n<p><span>Zapewniamy profesjonalne wykonanie prac w atrakcyjnych cenach dopasowanych do ka\u017cdej kieszeni klienta oraz zgodnie z \u00a0trendami dyktowanymi przez rynek.<\/span><\/p>\n<p><span>Najwi\u0119ksz\u0105 satysfakcj\u0105 dla nas jest zadowolenie i uznanie Klienta<\/span><\/p>\n<p>&nbsp;<\/p>\n<p><!-- \/divi:paragraph -->[\/et_pb_text][\/et_pb_column][\/et_pb_row][\/et_pb_section]<\/p>\n","protected":false},"excerpt":{"rendered":"<p>Firma ABC- Binar jest na rynku od 2001 roku, pocz\u0105tkowo g\u0142\u00f3wn\u0105 dzia\u0142alno\u015bci\u0105 firmy by\u0142y remonty jak i kompleksowe wyka\u0144czanie wn\u0119trz. Id\u0105c z duchem czasu i chc\u0105c rozwija\u0107 nasz\u0105 obecno\u015b\u0107 rynkow\u0105 w wybranych segmentach, zdobywa\u0107 w nich znacz\u0105c\u0105 pozycj\u0119, dzia\u0142alno\u015b\u0107 firmy ABC-Binar zosta\u0142a poszerzona w trzech obszarach. Pierwszy z nich to kompleksowe wyko\u0144czenia wn\u0119trz, dla klient\u00f3w [&hellip;]<\/p>\n","protected":false},"author":1,"featured_media":0,"parent":0,"menu_order":0,"comment_status":"closed","ping_status":"open","template":"","meta":{"_et_pb_use_builder":"on","_et_pb_old_content":"<!-- wp:paragraph -->\n<p>Przyk\u0142adowa strona. Strony s\u0105 inne ni\u017c wpisy na blogu, poniewa\u017c nie tylko znajduj\u0105 si\u0119 zawsze w jednym miejscu, ale tak\u017ce pojawiaj\u0105 si\u0119 w menu witryny (w wi\u0119kszo\u015bci motyw\u00f3w). Wi\u0119kszo\u015b\u0107 u\u017cytkownik\u00f3w zaczyna od strony z informacjami o sobie, kt\u00f3ra zapozna ich przed odwiedzaj\u0105cymi witryn\u0119. Taka strona mo\u017ce zawiera\u0107 na przyk\u0142ad tak\u0105 tre\u015b\u0107:<\/p>\n<!-- \/wp:paragraph -->\n\n<!-- wp:quote -->\n<blockquote class=\"wp-block-quote\"><p>Cze\u015b\u0107! Za dnia jestem kurierem rowerowym, noc\u0105 pr\u00f3buj\u0119 swoich si\u0142 w aktorstwie, a to jest moja witryna. Mieszkam w Krakowie, mam wspania\u0142ego psa kt\u00f3ry wabi si\u0119 Reks i lubi\u0119 pi\u00f1a colad\u0119 (oraz spacery, gdy pada deszcz).<\/p><\/blockquote>\n<!-- \/wp:quote -->\n\n<!-- wp:paragraph -->\n<p>...albo co\u015b takiego:<\/p>\n<!-- \/wp:paragraph -->\n\n<!-- wp:quote -->\n<blockquote class=\"wp-block-quote\"><p>Firma XYZ Doohickey zosta\u0142a za\u0142o\u017cona w 1971 roku i od tamtej pory dostarcza spo\u0142ecze\u0144stwu dobrej jako\u015bci gad\u017cety. Znajduj\u0105ca si\u0119 w Gotham City XYZ zatrudnia ponad 2000 os\u00f3b i robi niesamowite rzeczy dla spo\u0142eczno\u015bci Gotham.<\/p><\/blockquote>\n<!-- \/wp:quote -->\n\n<!-- wp:paragraph -->\n<p>Jako nowy u\u017cytkownik WordPressa, powiniene\u015b przej\u015b\u0107 do <a href=\"https:\/\/abc-binar.pl\/wp-admin\/\">swojego kokpitu<\/a> aby usun\u0105\u0107 t\u0119 stron\u0119 i stworzy\u0107 nowe z w\u0142asn\u0105 tre\u015bci\u0105. Dobrej zabawy!<\/p>\n<!-- \/wp:paragraph -->","_et_gb_content_width":"","footnotes":""},"class_list":["post-2","page","type-page","status-publish","hentry"],"_links":{"self":[{"href":"https:\/\/abc-binar.pl\/index.php?rest_route=\/wp\/v2\/pages\/2","targetHints":{"allow":["GET"]}}],"collection":[{"href":"https:\/\/abc-binar.pl\/index.php?rest_route=\/wp\/v2\/pages"}],"about":[{"href":"https:\/\/abc-binar.pl\/index.php?rest_route=\/wp\/v2\/types\/page"}],"author":[{"embeddable":true,"href":"https:\/\/abc-binar.pl\/index.php?rest_route=\/wp\/v2\/users\/1"}],"replies":[{"embeddable":true,"href":"https:\/\/abc-binar.pl\/index.php?rest_route=%2Fwp%2Fv2%2Fcomments&post=2"}],"version-history":[{"count":2,"href":"https:\/\/abc-binar.pl\/index.php?rest_route=\/wp\/v2\/pages\/2\/revisions"}],"predecessor-version":[{"id":13,"href":"https:\/\/abc-binar.pl\/index.php?rest_route=\/wp\/v2\/pages\/2\/revisions\/13"}],"wp:attachment":[{"href":"https:\/\/abc-binar.pl\/index.php?rest_route=%2Fwp%2Fv2%2Fmedia&parent=2"}],"curies":[{"name":"wp","href":"https:\/\/api.w.org\/{rel}","templated":true}]}}